{"id":50,"date":"2014-02-08T17:16:37","date_gmt":"2014-02-08T15:16:37","guid":{"rendered":"http:\/\/www.mpsys.de\/Wordpress\/?page_id=50"},"modified":"2018-04-15T12:21:03","modified_gmt":"2018-04-15T10:21:03","slug":"metalschildpraegung-ebstation","status":"publish","type":"page","link":"https:\/\/www.mpsys.de\/wordpress\/metalschildpraegung-ebstation\/","title":{"rendered":"Metallschild-Pr\u00e4gung EBstation"},"content":{"rendered":"<h2>EB-Station<\/h2>\n<p>ist eine Metallschild-Pr\u00e4ge-Software f\u00fcr Standard<br \/>\nMetallschildpr\u00e4ger (Embosser).<\/p>\n<p><img loading=\"lazy\" decoding=\"async\" class=\"alignnone size-full wp-image-581\" src=\"https:\/\/www.mpsys.de\/wordpress\/wp-content\/uploads\/2015\/08\/EBstation.png\" alt=\"\" width=\"1186\" height=\"652\" srcset=\"https:\/\/www.mpsys.de\/wordpress\/wp-content\/uploads\/2015\/08\/EBstation.png 1186w, https:\/\/www.mpsys.de\/wordpress\/wp-content\/uploads\/2015\/08\/EBstation-300x164.png 300w, https:\/\/www.mpsys.de\/wordpress\/wp-content\/uploads\/2015\/08\/EBstation-1024x562.png 1024w\" sizes=\"auto, (max-width: 1186px) 100vw, 1186px\" \/><\/p>\n<ul>\n<li><small>WYSIWYG Editor<\/small><\/li>\n<li><small>Beliebige Feldanzahl, Systemfelder wie Datum, Z\u00e4hler<\/small><\/li>\n<li><small>Maschinenlesbare Dotmatrix Pr\u00e4gung<br \/>\n<img loading=\"lazy\" decoding=\"async\" class=\"alignnone size-full wp-image-583\" src=\"https:\/\/www.mpsys.de\/wordpress\/wp-content\/uploads\/2015\/08\/dm.png\" alt=\"\" width=\"104\" height=\"102\" \/><br \/>\n<\/small><\/li>\n<li><small>Datenbank Anbindung oder automatische Daten\u00fcbernahme<br \/>\nvon einem Hostsystem.\u00a0<\/small><\/li>\n<li><small>Schnittstellen COM, TCPIP<\/small><\/li>\n<li><small>individuelle Fontgr\u00f6\u00dfen, 180 Grad Drehung\u00a0<\/small><\/li>\n<li><small>Protokolle: CIM*, Matica*, XON\/XOFF, Multiembosser<\/small><\/li>\n<\/ul>\n<p><img loading=\"lazy\" decoding=\"async\" class=\"alignnone size-full wp-image-783\" src=\"https:\/\/www.mpsys.de\/wordpress\/wp-content\/uploads\/2018\/03\/c410-collage.jpg\" alt=\"\" width=\"614\" height=\"355\" srcset=\"https:\/\/www.mpsys.de\/wordpress\/wp-content\/uploads\/2018\/03\/c410-collage.jpg 614w, https:\/\/www.mpsys.de\/wordpress\/wp-content\/uploads\/2018\/03\/c410-collage-300x173.jpg 300w\" sizes=\"auto, (max-width: 614px) 100vw, 614px\" \/><\/p>\n<p>Infomaterial:<br \/>\n<a href=\"https:\/\/www.mpsys.de\/wordpress\/wp-content\/uploads\/2018\/04\/EBstationFlyer.pdf\">EB-Station 2.0 Flyer<\/a><\/p>\n<p><small>* Alle genannten Markennamen sind eingetragene Warenzeichen der jeweiligen Hersteller.<\/small><\/p>\n","protected":false},"excerpt":{"rendered":"<p>EB-Station ist eine Metallschild-Pr\u00e4ge-Software f\u00fcr Standard Metallschildpr\u00e4ger (Embosser). WYSIWYG Editor Beliebige Feldanzahl, Systemfelder wie Datum, Z\u00e4hler Maschinenlesbare Dotmatrix Pr\u00e4gung Datenbank Anbindung oder automatische Daten\u00fcbernahme von einem Hostsystem.\u00a0 Schnittstellen COM, TCPIP individuelle Fontgr\u00f6\u00dfen, 180 Grad Drehung\u00a0 Protokolle: CIM*, Matica*, XON\/XOFF, Multiembosser Infomaterial: EB-Station 2.0 Flyer * Alle genannten Markennamen sind eingetragene Warenzeichen der jeweiligen Hersteller.<\/p>\n","protected":false},"author":1,"featured_media":0,"parent":0,"menu_order":0,"comment_status":"closed","ping_status":"closed","template":"","meta":{"footnotes":""},"class_list":["post-50","page","type-page","status-publish","hentry"],"_links":{"self":[{"href":"https:\/\/www.mpsys.de\/wordpress\/wp-json\/wp\/v2\/pages\/50","targetHints":{"allow":["GET"]}}],"collection":[{"href":"https:\/\/www.mpsys.de\/wordpress\/wp-json\/wp\/v2\/pages"}],"about":[{"href":"https:\/\/www.mpsys.de\/wordpress\/wp-json\/wp\/v2\/types\/page"}],"author":[{"embeddable":true,"href":"https:\/\/www.mpsys.de\/wordpress\/wp-json\/wp\/v2\/users\/1"}],"replies":[{"embeddable":true,"href":"https:\/\/www.mpsys.de\/wordpress\/wp-json\/wp\/v2\/comments?post=50"}],"version-history":[{"count":14,"href":"https:\/\/www.mpsys.de\/wordpress\/wp-json\/wp\/v2\/pages\/50\/revisions"}],"predecessor-version":[{"id":801,"href":"https:\/\/www.mpsys.de\/wordpress\/wp-json\/wp\/v2\/pages\/50\/revisions\/801"}],"wp:attachment":[{"href":"https:\/\/www.mpsys.de\/wordpress\/wp-json\/wp\/v2\/media?parent=50"}],"curies":[{"name":"wp","href":"https:\/\/api.w.org\/{rel}","templated":true}]}}